3?
1
What is the hundreds digit of 13389?
3
What is the tens digit of 57782?
8
What is the units digit of 561?
1
What is the tens digit of 194?
9
What is the hundreds digit of 17241?
2
What is the tens digit of 986?
8
What is the hundreds digit of 2384?
3
What is the units digit of 5300?
0
What is the units digit of 998?
8
What is the thousands digit of 1816?
1
What is the hundreds digit of 1183?
1
What is the hundreds digit of 6095?
0
What is the units digit of 59689?
9
What is the thousands digit of 18300?
8
What is the tens digit of 5461?
6
What is the tens digit of 480?
8
What is the units digit of 70?
0
What is the tens digit of 23151?
5
What is the tens digit of 123053?
5
What is the ten thousands digit of 44197?
4
What is the ten thousands digit of 53790?
5
What is the tens digit of 322?
2
What is the hundreds digit of 2757?
7
What is the units digit of 23222?
2
What is the hundreds digit of 21701?
7
What is the thousands digit of 1473?
1
What is the thousands digit of 1496?
1
What is the thousands digit of 8473?
8
What is the thousands digit of 93245?
3
What is the thousands digit of 9913?
9
What is the thousands digit of 81290?
1
What is the tens digit of 2541?
4
What is the ten thousands digit of 19842?
1
What is the tens digit of 151093?
9
What is the thousands digit of 16850?
6
What is the hundreds digit of 11536?
5
What is the tens digit of 6601?
0
What is the tens digit of 1579?
7
What is the thousands digit of 105785?
5
What is the tens digit of 66294?
9
What is the units digit of 839?
9
What is the thousands digit of 5095?
5
What is the ten thousands digit of 11775?
1
What is the units digit of 583?
3
What is the units digit of 107761?
1
What is the ten thousands digit of 14771?
1
What is the tens digit of 845?
4
What is the hundreds digit of 133705?
7
What is the hundreds digit of 1086?
0
What is the units digit of 1396?
6
What is the hundreds digit of 25657?
6
What is the hundreds digit of 2817?
8
What is the units digit of 26043?
3
What is the units digit of 6379?
9
What is the thousands digit of 3849?
3
What is the thousands digit of 5293?
5
What is the tens digit of 316?
1
What is the hundreds digit of 8480?
4
What is the hundreds digit of 198?
1
What is the hundreds digit of 1091?
0
What is the tens digit of 56572?
7
What is the hundreds digit of 810?
8
What is the tens digit of 13926?
2
What is the hundreds digit of 1091?
0
What is the tens digit of 832?
3
What is the units digit of 9869?
9
What is the hundreds digit of 6980?
9
What is the thousands digit of 9278?
9
What is the tens digit of 12723?
2
What is the tens digit of 6259?
5
What is the units digit of 472?
2
What is the thousands digit of 12797?
2
What is the thousands digit of 2616?
2
What is the thousands digit of 3037?
3
What is the ten thousands digit of 14901?
1
What is the tens digit of 1140?
4
What is the thousands digit of 2906?
2
What is the hundreds digit of 4131?
1
What is the hundreds digit of 697?
6
What is the tens digit of 4388?
8
What is the tens digit of 130334?
3
What is the units digit of 2619?
9
What is the hundreds digit of 17346?
3
What is the hundreds digit of 1293?
2
What is the ten thousands digit of 48692?
4
What is the ten thousands digit of 21612?
2
What is the units digit of 1427?
7
What is the tens digit of 53693?
9
What is the units digit of 444?
4
What is the units digit of 4029?
9
What is the units digit of 47854?
4
What is the tens digit of 568?
6
What is the thousands digit of 3305?
3
What is the tens digit of 6997?
9
What is the units digit of 5106?
6
What is the tens digit of 57?
5
What is the units digit of 526?
6
What is the units digit of 17986?
6
What is the hundreds digit of 873?
8
What is the tens digit of 1580?
8
What is the hundreds digit of 1337?
3
What is the units digit of 1887?
7
What is the thousands digit of 15764?
5
What is the tens digit of 1769?
6
What is the hundreds digit of 3984?
9
What is the units digit of 2203?
3
What is the thousands digit of 1331?
1
What is the hundreds digit of 5790?
7
What is the hundreds digit of 699?
6
What is the tens digit of 923?
2
What is the units digit of 1018?
8
What is the units digit of 1082?
2
What is the tens digit of 77?
7
What is the hundreds digit of 876?
8
What is the hundreds digit of 39098?
0
What is the tens digit of 1164?
6
What is the thousands digit of 3071?
3
What is the tens digit of 1576?
7
What is the hundreds digit of 602?
6
What is the units digit of 6712?
2
What is the thousands digit of 3378?
3
What is the tens digit of 6769?
6
What is the units digit of 3001?
1
What is the units digit of 677?
7
What is the tens digit of 586?
8
What is the thousands digit of 5574?
5
What is the tens digit of 1293?
9
What is the units digit of 702?
2
What is the units digit of 1849?
9
What is the hundreds digit of 113742?
7
What is the thousands digit of 9568?
9
What is the units digit of 76?
6
What is the ten thousands digit of 10282?
1
What is the units digit of 23098?
8
What is the tens digit of 610?
1
What is the hundreds digit of 96149?
1
What is the thousands digit of 1660?
1
What is the hundreds digit of 14548?
5
What is the tens digit of 3427?
2
What is the hundreds digit of 647?
6
What is the units digit of 27125?
5
What is the tens digit of 3080?
8
What is the thousands digit of 18451?
8
What is the units digit of 569?
9
What is the hundreds digit of 157?
1
What is the hundreds digit of 9753?
7
What is the thousands digit of 1203?
1
What is the units digit of 2816?
6
What is the tens digit of 787?
8
What is the hundreds digit of 840?
8
What is the ten thousands digit of 55280?
5
What is the hundreds digit of 1001?
0
What is the tens digit of 2455?
5
What is the tens digit of 7771?
7
What is the ten thousands digit of 108571?
0
What is the units digit of 915?
5
What is the thousands digit of 76460?
6
What is the hundreds digit of 3355?
3
What is the tens digit of 6956?
5
What is the hundreds digit of 1934?
9
What is the units digit of 3033?
3
What is the hundreds digit of 1887?
8
What is the units digit of 6701?
1
What is the hundreds digit of 9315?
3
What is the ten thousands digit of 158135?
5
What is the thousands digit of 48954?
8
What is the hundreds digit of 138?
1
What is the thousands digit of 22833?
2
What is the ten thousands digit of 13222?
1
What is the hundreds digit of 23007?
0
What is the ten thousands digit of 82419?
8
What is the thousands digit of 3456?
3
What is the thousands digit of 41949?
1
What is the hundreds digit of 1121?
1
What is the thousands digit of 53817?
3
What is the tens digit of 6522?
2
What is the tens digit of 3377?
7
What is the hundreds digit of 784?
7
What is the hundreds digit of 2070?
0
What is the hundreds digit of 2696?
6
What is the hundreds digit of 8803?
8
What is the tens digit of 62063?
6
What is the ten thousands digit of 129916?
2
What is the hundreds digit of 2943?
9
What is the hundreds digit of 734?
7
What is the thousands digit of 131423?
1
What is the hundred thousands digit of 147089?
1
What is the thousands digit of 6562?
6
What is the units digit of 107409?
9
What is the hundreds digit of 9863?
8
What is the tens digit of 2791?
9
What is the hundreds digit of 965?
9
What is the units digit of 59?
9
What is the tens digit of 42158?
5
What is the units digit of 2184?
4
What is the units digit of 274?
4
What is the tens digit of 2743?
4
What is the hundreds digit of 2110?
1
What is the tens digit of 2316?
1
What is the tens digit of 837?
3
What is the units digit of 3054?
4
What is the tens digit of 1221?
2
What is the units digit of 1654?
4
What is the thousands digit of 108554?
8
What is the tens digit of 15998?
9
What is the hundreds digit of 33111?
1
What is the units digit of 20525?
5
What is the units digit of 4026?
6
What is the tens digit of 26410?
1
What is the ten thousands digit of 24288?
2
What is the ten thousands digit of 27136?
2
What is the ten thousands digit of 19985?
1
What is the hundreds digit of 2144?
1
What is the thousands digit of 1358?
1
What is the hundreds digit of 3949?
9
What is the tens digit of 10204?
0
What is the thousands digit of 1036?
1
What is the tens digit of 2822?
2
What is the ten thousands digit of 88017?
8
What is the tens digit of 17890?
9
What is the unit